{"id":1616,"date":"2024-04-26T05:00:42","date_gmt":"2024-04-26T05:00:42","guid":{"rendered":"https:\/\/kolibrici.hr\/index.php\/pravo-na-osobnu-invalidninu-2\/"},"modified":"2024-04-26T05:01:43","modified_gmt":"2024-04-26T05:01:43","slug":"pravo-na-osobnu-invalidninu-2","status":"publish","type":"page","link":"https:\/\/kolibrici.hr\/index.php\/pravo-na-osobnu-invalidninu-2\/","title":{"rendered":"Pravo na osobnu invalidninu"},"content":{"rendered":"<div class=\"\" style=\"\" >\n  \n    <section class=\"u-clearfix u-section-1\" id=\"sec-8720\">\n      <div class=\"u-clearfix u-sheet u-sheet-1\">\n        <p class=\"u-text u-text-default u-text-1\"> Tko je mo\u017ee ostvariti?&nbsp;<br>\n          <br>Pravo na osobnu invalidninu priznaje se osobi s te\u0161kim invaliditetom ili drugim te\u0161kim trajnim promjenama u zdravstvenom stanju, u svrhu zadovoljavanja njezinih \u017eivotnih potreba za uklju\u010divanje u svakodnevni \u017eivot zajednice. Pravo na osobnu invalidninu&nbsp;<span class=\"u-text-palette-3-base\">ne mo\u017ee<\/span>&nbsp;se priznati:\n        <\/p>\n        <ul class=\"u-text u-text-default u-text-2\">\n          <li> osobi koja osobnu invalidninu ostvaruje po drugoj osnovi&nbsp;<\/li>\n          <li>osobi koja ima u vlasni\u0161tvu drugi stan ili ku\u0107u, osim stana ili ku\u0107e koju koristi za stanovanje, a koji mo\u017ee otu\u0111iti ili iznajmiti i time<\/li>\n          <li>osigurati sredstva za uklju\u010divanje u zajednicu<\/li>\n          <li>osobi koja ima u vlasni\u0161tvu poslovni prostor koji ne koristi za obavljanje registrirane djelatnosti<\/li>\n          <li>djetetu ili odrasloj osobi kojoj je priznata usluga smje\u0161taja ili organiziranog stanovanja<\/li>\n          <li>Pravo na osobnu invalidninu&nbsp;<span class=\"u-text-palette-3-base\">ne mo\u017ee<\/span>&nbsp;se priznati osobi kojoj je priznato pravo na doplatak za pomo\u0107 i njegu.\n          <\/li>\n        <\/ul>\n        <p class=\"u-text u-text-default u-text-3\"> Vrsta i te\u017eina invaliditeta te vrstu i te\u017einu promjene u zdravstvenom stanju propisana je&nbsp;<a href=\"http:\/\/narodne-novine.nn.hr\/clanci\/sluzbeni\/2014_06_79_1477.html\" class=\"u-active-none u-border-none u-btn u-button-style u-hover-none u-none u-text-palette-1-base u-btn-1\">Pravilnikom<\/a>&nbsp;(Pravilnik o sastavu i na\u010dinu rada tijela vje\u0161ta\u010denja u postupku ostvarivanja prava iz socijalne skrbi i drugih prava po posebnim propisima)<br>\n          <br>\n          <span class=\"u-text-palette-3-base\" style=\"font-weight: 700;\">Od kada se priznaje pravo?<\/span>\n          <br>\n          <br>S &nbsp;danom podno\u0161enja zahtjeva ili pokretanja postupka po slu\u017ebenoj du\u017enosti<br>\n          <br>\n          <span class=\"u-text-palette-3-base\" style=\"font-weight: 700;\">Iznos osobne invalidnine<\/span>\n          <br>\n          <br>Osobna invalidnina iznosi mjese\u010dno 250% osnovice (1.250,00 kuna) ako korisnik nema vlastiti prihod ni imovinu.<br>Ako osoba ostvaruje prihod po bilo kojoj osnovi, osobna invalidnina utvr\u0111uje se kao razlika izme\u0111u iznosa 250% osnovice i prosje\u010dnog prihoda ostvarenog u prethodna tri mjeseca prije mjeseca u kojem je podnesen zahtjev, odnosno u kojem je pokrenut postupak po slu\u017ebenoj du\u017enosti. U prihod se ne ura\u010dunava zajam\u010dena minimalna naknada, naknada za tro\u0161kove stanovanja koja je ostvarena na temelju Zakona o socijalnoj skrbi, mirovina do iznosa najni\u017ee, odnosno minimalne mirovine ostvarene za 40 godina mirovinskog sta\u017ea, ortopedski dodatak, sredstva za uzdr\u017eavanje koje dijete ostvaruje na temelju propisa o obiteljskim odnosima i doplatak za djecu.<br>\n          <br>\n          <span class=\"u-text-palette-3-base\" style=\"font-weight: 700;\">Osobna invalidnina ispla\u0107uje se u iznosu od 125% osnovice (625,00 kuna) ako su kumulativno ispunjeni ovi uvjeti:<\/span>\n          <br>\n          <br>Ako roditelji korisnika osobne invalidnine koriste: rodiljni ili roditeljski dopust, rad s polovicom punoga radnog vremena, rad s polovicom punog radnog vremena radi poja\u010dane njege djeteta, dopust ili rad s polovicom punog radnog vremena radi poja\u010dane njege djeteta s te\u017eim smetnjama u razvoju ili mirovanje radnog odnosa do tre\u0107e godine \u017eivota djeteta po posebnim propisima, a dijete boravi 4 i vi\u0161e sati dnevno u pred\u0161kolskoj, \u0161kolskoj ili zdravstvenoj ustanovi, domu socijalne skrbi ili kod drugog pru\u017eatelja usluga boravka.<br>\n          <br>\n          <span style=\"font-weight: 700;\" class=\"u-text-palette-3-base\">Ostvarivanje prava:<\/span>\n          <br>\n          <br>Potencijalni korisnik mora podnijeti zahtjev nadle\u017enom centru za socijalnu skrb. Pravo se ostvaruje temeljem rje\u0161enja nadle\u017enog centra za socijalnu skrb prema prebivali\u0161tu korisnika. Pravo se priznaje s danom podno\u0161enja zahtjeva ili pokretanja postupka po slu\u017ebenoj du\u017enosti.<br>\n          <br>Dodatne informacije:&nbsp;&nbsp;<a href=\"http:\/\/www.digured.hr\/cadial\/searchdoc.php?action=search&amp;lang=hr&amp;query=%22Zakon-plus-o-plus-socijalnoj-plus-skrbi-plus-%28NN-plus-157%2F2013%29%22&amp;searchTitle=on&amp;validacts=on&amp;resultdetails=basic&amp;filteracttype=all&amp;filterfields=all&amp;filtereuchapter=all&amp;resultlimitnum=10&amp;bid=mG0WAh80I8uXTov6OnG3tA%3d%3d&amp;annotate=on\" class=\"u-active-none u-border-none u-btn u-button-link u-button-style u-hover-none u-none u-text-palette-3-base u-btn-2\" target=\"_blank\">Zakon o socijalnoj skrbi<\/a>\n        <\/p>\n      <\/div>\n    <\/section>\n    \n    \n    \n    \n  \n<\/div>","protected":false},"excerpt":{"rendered":"<p>Tko je mo\u017ee ostvariti?&nbsp; Pravo na osobnu invalidninu priznaje se osobi s te\u0161kim invaliditetom ili drugim te\u0161kim trajnim promjenama u zdravstvenom stanju, u svrhu zadovoljavanja njezinih \u017eivotnih potreba za uklju\u010divanje u svakodnevni \u017eivot zajednice. Pravo na osobnu invalidninu&nbsp;ne mo\u017ee&nbsp;se priznati: osobi koja osobnu invalidninu ostvaruje po drugoj osnovi&nbsp; osobi koja ima u vlasni\u0161tvu drugi stan [&hellip;]<\/p>\n","protected":false},"author":1,"featured_media":0,"parent":0,"menu_order":3,"comment_status":"closed","ping_status":"closed","template":"","meta":{"footnotes":""},"_links":{"self":[{"href":"https:\/\/kolibrici.hr\/index.php\/wp-json\/wp\/v2\/pages\/1616"}],"collection":[{"href":"https:\/\/kolibrici.hr\/index.php\/wp-json\/wp\/v2\/pages"}],"about":[{"href":"https:\/\/kolibrici.hr\/index.php\/wp-json\/wp\/v2\/types\/page"}],"author":[{"embeddable":true,"href":"https:\/\/kolibrici.hr\/index.php\/wp-json\/wp\/v2\/users\/1"}],"replies":[{"embeddable":true,"href":"https:\/\/kolibrici.hr\/index.php\/wp-json\/wp\/v2\/comments?post=1616"}],"version-history":[{"count":1,"href":"https:\/\/kolibrici.hr\/index.php\/wp-json\/wp\/v2\/pages\/1616\/revisions"}],"predecessor-version":[{"id":1753,"href":"https:\/\/kolibrici.hr\/index.php\/wp-json\/wp\/v2\/pages\/1616\/revisions\/1753"}],"wp:attachment":[{"href":"https:\/\/kolibrici.hr\/index.php\/wp-json\/wp\/v2\/media?parent=1616"}],"curies":[{"name":"wp","href":"https:\/\/api.w.org\/{rel}","templated":true}]}}

<div class="" style="" >
  
    <section class="u-clearfix u-section-1" id="sec-8720">
      <div class="u-clearfix u-sheet u-sheet-1">
        <p class="u-text u-text-default u-text-1"> Tko je može ostvariti?&nbsp;<br>
          <br>Pravo na osobnu invalidninu priznaje se osobi s teškim invaliditetom ili drugim teškim trajnim promjenama u zdravstvenom stanju, u svrhu zadovoljavanja njezinih životnih potreba za uključivanje u svakodnevni život zajednice. Pravo na osobnu invalidninu&nbsp;<span class="u-text-palette-3-base">ne može</span>&nbsp;se priznati:
        </p>
        <ul class="u-text u-text-default u-text-2">
          <li> osobi koja osobnu invalidninu ostvaruje po drugoj osnovi&nbsp;</li>
          <li>osobi koja ima u vlasništvu drugi stan ili kuću, osim stana ili kuće koju koristi za stanovanje, a koji može otuđiti ili iznajmiti i time</li>
          <li>osigurati sredstva za uključivanje u zajednicu</li>
          <li>osobi koja ima u vlasništvu poslovni prostor koji ne koristi za obavljanje registrirane djelatnosti</li>
          <li>djetetu ili odrasloj osobi kojoj je priznata usluga smještaja ili organiziranog stanovanja</li>
          <li>Pravo na osobnu invalidninu&nbsp;<span class="u-text-palette-3-base">ne može</span>&nbsp;se priznati osobi kojoj je priznato pravo na doplatak za pomoć i njegu.
          </li>
        </ul>
        <p class="u-text u-text-default u-text-3"> Vrsta i težina invaliditeta te vrstu i težinu promjene u zdravstvenom stanju propisana je&nbsp;<a href="http://narodne-novine.nn.hr/clanci/sluzbeni/2014_06_79_1477.html" class="u-active-none u-border-none u-btn u-button-style u-hover-none u-none u-text-palette-1-base u-btn-1">Pravilnikom</a>&nbsp;(Pravilnik o sastavu i načinu rada tijela vještačenja u postupku ostvarivanja prava iz socijalne skrbi i drugih prava po posebnim propisima)<br>
          <br>
          <span class="u-text-palette-3-base" style="font-weight: 700;">Od kada se priznaje pravo?</span>
          <br>
          <br>S &nbsp;danom podnošenja zahtjeva ili pokretanja postupka po službenoj dužnosti<br>
          <br>
          <span class="u-text-palette-3-base" style="font-weight: 700;">Iznos osobne invalidnine</span>
          <br>
          <br>Osobna invalidnina iznosi mjesečno 250% osnovice (1.250,00 kuna) ako korisnik nema vlastiti prihod ni imovinu.<br>Ako osoba ostvaruje prihod po bilo kojoj osnovi, osobna invalidnina utvrđuje se kao razlika između iznosa 250% osnovice i prosječnog prihoda ostvarenog u prethodna tri mjeseca prije mjeseca u kojem je podnesen zahtjev, odnosno u kojem je pokrenut postupak po službenoj dužnosti. U prihod se ne uračunava zajamčena minimalna naknada, naknada za troškove stanovanja koja je ostvarena na temelju Zakona o socijalnoj skrbi, mirovina do iznosa najniže, odnosno minimalne mirovine ostvarene za 40 godina mirovinskog staža, ortopedski dodatak, sredstva za uzdržavanje koje dijete ostvaruje na temelju propisa o obiteljskim odnosima i doplatak za djecu.<br>
          <br>
          <span class="u-text-palette-3-base" style="font-weight: 700;">Osobna invalidnina isplaćuje se u iznosu od 125% osnovice (625,00 kuna) ako su kumulativno ispunjeni ovi uvjeti:</span>
          <br>
          <br>Ako roditelji korisnika osobne invalidnine koriste: rodiljni ili roditeljski dopust, rad s polovicom punoga radnog vremena, rad s polovicom punog radnog vremena radi pojačane njege djeteta, dopust ili rad s polovicom punog radnog vremena radi pojačane njege djeteta s težim smetnjama u razvoju ili mirovanje radnog odnosa do treće godine života djeteta po posebnim propisima, a dijete boravi 4 i više sati dnevno u predškolskoj, školskoj ili zdravstvenoj ustanovi, domu socijalne skrbi ili kod drugog pružatelja usluga boravka.<br>
          <br>
          <span style="font-weight: 700;" class="u-text-palette-3-base">Ostvarivanje prava:</span>
          <br>
          <br>Potencijalni korisnik mora podnijeti zahtjev nadležnom centru za socijalnu skrb. Pravo se ostvaruje temeljem rješenja nadležnog centra za socijalnu skrb prema prebivalištu korisnika. Pravo se priznaje s danom podnošenja zahtjeva ili pokretanja postupka po službenoj dužnosti.<br>
          <br>Dodatne informacije:&nbsp;&nbsp;<a href="http://www.digured.hr/cadial/searchdoc.php?action=search&amp;lang=hr&amp;query=%22Zakon-plus-o-plus-socijalnoj-plus-skrbi-plus-%28NN-plus-157%2F2013%29%22&amp;searchTitle=on&amp;validacts=on&amp;resultdetails=basic&amp;filteracttype=all&amp;filterfields=all&amp;filtereuchapter=all&amp;resultlimitnum=10&amp;bid=mG0WAh80I8uXTov6OnG3tA%3d%3d&amp;annotate=on" class="u-active-none u-border-none u-btn u-button-link u-button-style u-hover-none u-none u-text-palette-3-base u-btn-2" target="_blank">Zakon o socijalnoj skrbi</a>
        </p>
      </div>
    </section>
    
    
    
    
  
</div>

<p>Tko je može ostvariti?&nbsp; Pravo na osobnu invalidninu priznaje se osobi s teškim invaliditetom ili drugim teškim trajnim promjenama u zdravstvenom stanju, u svrhu zadovoljavanja njezinih životnih potreba za uključivanje u svakodnevni život zajednice. Pravo na osobnu invalidninu&nbsp;ne može&nbsp;se priznati: osobi koja osobnu invalidninu ostvaruje po drugoj osnovi&nbsp; osobi koja ima u vlasništvu drugi stan [&hellip;]</p>
