{"id":1653,"date":"2024-04-26T05:01:19","date_gmt":"2024-04-26T05:01:19","guid":{"rendered":"https:\/\/kolibrici.hr\/index.php\/porezne-olaksice-za-osobe-s-2\/"},"modified":"2024-04-26T05:01:49","modified_gmt":"2024-04-26T05:01:49","slug":"porezne-olaksice-za-osobe-s-2","status":"publish","type":"page","link":"https:\/\/kolibrici.hr\/index.php\/porezne-olaksice-za-osobe-s-2\/","title":{"rendered":"Porezne olak\u0161ice za osobe s"},"content":{"rendered":"<div class=\"\" style=\"\" >\n  \n    <section class=\"u-align-left u-clearfix u-section-1\" id=\"sec-8926\">\n      <div class=\"u-clearfix u-sheet u-valign-middle u-sheet-1\">\n        <div class=\"fr-view u-clearfix u-rich-text u-text u-text-1\">\n          <h1 style=\"text-align: left;\">\n            <span class=\"u-text-palette-3-base\">Porezne olak\u0161ice za osobe s invaliditetom \u2013 neoporezivi dio dohotka<\/span>\n          <\/h1>\n          <p id=\"isPasted\">Neoporezivi dio dohotka (osobni odbitak) \u2013 osnovni osobni odbitak (propisani koeficijent je 1,5 \u0161to iznosi 3800 kn mjese\u010dno i 45.600 kn godi\u0161nje) mo\u017ee se uve\u0107ati:<\/p>\n          <ul style=\"box-sizing: border-box; margin: 0px 0px 20px 7px; padding: 0px; border: 0px rgb(0, 0, 0); font-style: normal; font-variant-ligatures: normal; font-variant-caps: normal; font-variant-numeric: inherit; font-variant-east-asian: inherit; font-weight: 400; font-stretch: inherit; font-size: 15px; line-height: inherit; font-family: &quot;open sans&quot;, Helvetica, Arial, sans-serif; vertical-align: baseline; list-style: outside disc; color: rgb(0, 0, 0); letter-spacing: normal; orphans: 2; text-align: start; text-indent: 0px; text-transform: none; white-space: normal; widows: 2; word-spacing: 0px; -webkit-text-stroke-width: 0px; background-color: rgb(248, 248, 248); text-decoration-thickness: initial; text-decoration-style: initial; text-decoration-color: initial;\">\n            <li style=\"box-sizing: border-box; margin: 0px 0px 0px 1em; padding: 3px 0px; border: 0px rgb(0, 0, 0); font: inherit; vertical-align: baseline; text-indent: 0px;\">za invalidnost poreznog obveznika, svakog uzdr\u017eavanog \u010dlana u\u017ee obitelji i svakog uzdr\u017eavanog djeteta (propisani koeficijent 0,4 \u0161to iznosi 1000 kn mjese\u010dno i 12.000 kn godi\u0161nje), i<\/li>\n            <li style=\"box-sizing: border-box; margin: 0px 0px 0px 1em; padding: 3px 0px; border: 0px rgb(0, 0, 0); font: inherit; vertical-align: baseline; text-indent: 0px;\">za invalidnost utvr\u0111enu po jednoj osnovi 100 posto i\/ili kori\u0161tenje, na temelju posebnih propisa, prava na doplatak za pomo\u0107 i njegu poreznog obveznika odnosno prava na osobnu invalidninu, svakog uzdr\u017eavanog \u010dlana u\u017ee obitelji i svakog uzdr\u017eavanog djeteta (propisani koeficijent 1,5 \u0161to iznosi 3750 kn mjese\u010dno i 45.000 godi\u0161nje).<\/li>\n            <li style=\"box-sizing: border-box; margin: 0px 0px 0px 1em; padding: 3px 0px; border: 0px rgb(0, 0, 0); font: inherit; vertical-align: baseline; text-indent: 0px;\">U ovim slu\u010dajevima porezni obveznik ne mo\u017ee koristiti osobni odbitak za invalidnost (propisani faktor 0,4) niti za sebe niti za uzdr\u017eavanu osobu s invaliditetom.<\/li>\n          <\/ul>\n          <p>Detaljnije informacije o olak\u0161icama za osobe s invaliditetom, te potrebnim vjerodostojnim ispravama za ostvarivanje navedenih prava, saznajte pozivom na besplatni broj telefona 0800\/669-933 (telefonski pozivi zaprimaju se radnim danom od 8 do 15 sati)<\/p>\n        <\/div>\n      <\/div>\n    <\/section>\n    \n    \n    \n    \n  \n<\/div>","protected":false},"excerpt":{"rendered":"<p>Porezne olak\u0161ice za osobe s invaliditetom \u2013 neoporezivi dio dohotka Neoporezivi dio dohotka (osobni odbitak) \u2013 osnovni osobni odbitak (propisani koeficijent je 1,5 \u0161to iznosi 3800 kn mjese\u010dno i 45.600 kn godi\u0161nje) mo\u017ee se uve\u0107ati: za invalidnost poreznog obveznika, svakog uzdr\u017eavanog \u010dlana u\u017ee obitelji i svakog uzdr\u017eavanog djeteta (propisani koeficijent 0,4 \u0161to iznosi 1000 kn [&hellip;]<\/p>\n","protected":false},"author":1,"featured_media":0,"parent":0,"menu_order":40,"comment_status":"closed","ping_status":"closed","template":"","meta":{"footnotes":""},"_links":{"self":[{"href":"https:\/\/kolibrici.hr\/index.php\/wp-json\/wp\/v2\/pages\/1653"}],"collection":[{"href":"https:\/\/kolibrici.hr\/index.php\/wp-json\/wp\/v2\/pages"}],"about":[{"href":"https:\/\/kolibrici.hr\/index.php\/wp-json\/wp\/v2\/types\/page"}],"author":[{"embeddable":true,"href":"https:\/\/kolibrici.hr\/index.php\/wp-json\/wp\/v2\/users\/1"}],"replies":[{"embeddable":true,"href":"https:\/\/kolibrici.hr\/index.php\/wp-json\/wp\/v2\/comments?post=1653"}],"version-history":[{"count":1,"href":"https:\/\/kolibrici.hr\/index.php\/wp-json\/wp\/v2\/pages\/1653\/revisions"}],"predecessor-version":[{"id":1790,"href":"https:\/\/kolibrici.hr\/index.php\/wp-json\/wp\/v2\/pages\/1653\/revisions\/1790"}],"wp:attachment":[{"href":"https:\/\/kolibrici.hr\/index.php\/wp-json\/wp\/v2\/media?parent=1653"}],"curies":[{"name":"wp","href":"https:\/\/api.w.org\/{rel}","templated":true}]}}