{"id":1661,"date":"2024-04-26T05:01:27","date_gmt":"2024-04-26T05:01:27","guid":{"rendered":"https:\/\/kolibrici.hr\/index.php\/o-udruzi-2\/"},"modified":"2024-04-26T05:01:50","modified_gmt":"2024-04-26T05:01:50","slug":"o-udruzi-2","status":"publish","type":"page","link":"https:\/\/kolibrici.hr\/index.php\/o-udruzi-2\/","title":{"rendered":"O UDRUZI"},"content":{"rendered":"<div class=\"\" style=\"\" >\n  \n    <section class=\"u-clearfix u-section-1\" id=\"sec-2de3\">\n      <div class=\"u-clearfix u-sheet u-sheet-1\">\n        <p class=\"u-text u-text-default u-text-1\">Udruga Kolibri\u0107i osnovana je krajem 2011. godine na inicijativu roditelja vitalno ugro\u017eene djece s ciljem osiguravanja i pobolj\u0161avanja osnovnih \u017eivotnih uvjeta. Udruga je neprofitna, humanitarna organizacija koja trenutno okuplja sedamdesetak \u010dlanova. Osnovna je zada\u0107a Udruge, organiziranje dobrotvornih akcija i drugih humanitarnih aktivnosti radi prikupljanja sredstava potrebnih za kupnju pomagala i lijekova te pokrivanja tro\u0161kova lije\u010denja.<br>\n          <br>\n          <br>Kolibri\u0107i su \u017eivotno ugro\u017eena djeca razli\u010ditih medicinskih dijagnoza. Ve\u0107ina djece ne mo\u017ee govoriti, kretati se, disati samostalno i ovisna su o aparatima koji ih odr\u017eavaju na \u017eivotu i 24-satnoj roditeljskoj skrbi. Na\u017ealost, neki Kolibri\u0107i izgubili su bitku za svoj \u017eivot.<br>Kroz Udrugu roditelji razmjenjuju iskustva te nastoje pomo\u0107i jedni drugima savjetom oko ostvarivanja prava. Osim toga, moralna i prijateljska podr\u0161ka od neprocjenjive su va\u017enosti, stoga su roditelji vrlo aktivni u grupi osnovanoj na dru\u0161tvenoj mre\u017ei.<br>\n          <br>\n          <br>Na\u0161 slogan je \u201cI ja sam dijete\u201d, a njime Udruga nastoji javnosti pribli\u017eiti djecu Kolibri\u0107e i ukazati da se na prvom mjestu, ispred dijagnoza i aparata, nalazi dijete.<br>\n          <br>\n          <br>Namjera nam je i senzibilizirati javnost za specifi\u010dne probleme ove djece. Nedovoljna upu\u0107enost ljudi u na\u0161e potrebe i mogu\u0107nosti ra\u0111a predrasude i strah. \u017delja nam je da ljudi shvate da su i Kolibri\u0107i, prvenstveno djeca. Djeca koja, uz pomo\u0107 svojih roditelja, ru\u0161e prepreke pa tako s veseljem odlaze na izlete, more\u2026kazali\u0161ne predstave, dru\u017ee se, a neki se \u010dak pripremaju za polazak u \u0161kolu!Nasmije\u0161ite nam se jer predrasude nestaju s osmijehom!\n        <\/p>\n      <\/div>\n    <\/section>\n    \n    \n    \n    \n  \n<\/div>","protected":false},"excerpt":{"rendered":"<p>Udruga Kolibri\u0107i osnovana je krajem 2011. godine na inicijativu roditelja vitalno ugro\u017eene djece s ciljem osiguravanja i pobolj\u0161avanja osnovnih \u017eivotnih uvjeta. Udruga je neprofitna, humanitarna organizacija koja trenutno okuplja sedamdesetak \u010dlanova. Osnovna je zada\u0107a Udruge, organiziranje dobrotvornih akcija i drugih humanitarnih aktivnosti radi prikupljanja sredstava potrebnih za kupnju pomagala i lijekova te pokrivanja tro\u0161kova lije\u010denja. [&hellip;]<\/p>\n","protected":false},"author":1,"featured_media":0,"parent":0,"menu_order":48,"comment_status":"closed","ping_status":"closed","template":"","meta":{"footnotes":""},"_links":{"self":[{"href":"https:\/\/kolibrici.hr\/index.php\/wp-json\/wp\/v2\/pages\/1661"}],"collection":[{"href":"https:\/\/kolibrici.hr\/index.php\/wp-json\/wp\/v2\/pages"}],"about":[{"href":"https:\/\/kolibrici.hr\/index.php\/wp-json\/wp\/v2\/types\/page"}],"author":[{"embeddable":true,"href":"https:\/\/kolibrici.hr\/index.php\/wp-json\/wp\/v2\/users\/1"}],"replies":[{"embeddable":true,"href":"https:\/\/kolibrici.hr\/index.php\/wp-json\/wp\/v2\/comments?post=1661"}],"version-history":[{"count":1,"href":"https:\/\/kolibrici.hr\/index.php\/wp-json\/wp\/v2\/pages\/1661\/revisions"}],"predecessor-version":[{"id":1798,"href":"https:\/\/kolibrici.hr\/index.php\/wp-json\/wp\/v2\/pages\/1661\/revisions\/1798"}],"wp:attachment":[{"href":"https:\/\/kolibrici.hr\/index.php\/wp-json\/wp\/v2\/media?parent=1661"}],"curies":[{"name":"wp","href":"https:\/\/api.w.org\/{rel}","templated":true}]}}

<div class="" style="" >
  
    <section class="u-clearfix u-section-1" id="sec-2de3">
      <div class="u-clearfix u-sheet u-sheet-1">
        <p class="u-text u-text-default u-text-1">Udruga Kolibrići osnovana je krajem 2011. godine na inicijativu roditelja vitalno ugrožene djece s ciljem osiguravanja i poboljšavanja osnovnih životnih uvjeta. Udruga je neprofitna, humanitarna organizacija koja trenutno okuplja sedamdesetak članova. Osnovna je zadaća Udruge, organiziranje dobrotvornih akcija i drugih humanitarnih aktivnosti radi prikupljanja sredstava potrebnih za kupnju pomagala i lijekova te pokrivanja troškova liječenja.<br>
          <br>
          <br>Kolibrići su životno ugrožena djeca različitih medicinskih dijagnoza. Većina djece ne može govoriti, kretati se, disati samostalno i ovisna su o aparatima koji ih održavaju na životu i 24-satnoj roditeljskoj skrbi. Nažalost, neki Kolibrići izgubili su bitku za svoj život.<br>Kroz Udrugu roditelji razmjenjuju iskustva te nastoje pomoći jedni drugima savjetom oko ostvarivanja prava. Osim toga, moralna i prijateljska podrška od neprocjenjive su važnosti, stoga su roditelji vrlo aktivni u grupi osnovanoj na društvenoj mreži.<br>
          <br>
          <br>Naš slogan je “I ja sam dijete”, a njime Udruga nastoji javnosti približiti djecu Kolibriće i ukazati da se na prvom mjestu, ispred dijagnoza i aparata, nalazi dijete.<br>
          <br>
          <br>Namjera nam je i senzibilizirati javnost za specifične probleme ove djece. Nedovoljna upućenost ljudi u naše potrebe i mogućnosti rađa predrasude i strah. Želja nam je da ljudi shvate da su i Kolibrići, prvenstveno djeca. Djeca koja, uz pomoć svojih roditelja, ruše prepreke pa tako s veseljem odlaze na izlete, more…kazališne predstave, druže se, a neki se čak pripremaju za polazak u školu!Nasmiješite nam se jer predrasude nestaju s osmijehom!
        </p>
      </div>
    </section>
    
    
    
    
  
</div>

<p>Udruga Kolibrići osnovana je krajem 2011. godine na inicijativu roditelja vitalno ugrožene djece s ciljem osiguravanja i poboljšavanja osnovnih životnih uvjeta. Udruga je neprofitna, humanitarna organizacija koja trenutno okuplja sedamdesetak članova. Osnovna je zadaća Udruge, organiziranje dobrotvornih akcija i drugih humanitarnih aktivnosti radi prikupljanja sredstava potrebnih za kupnju pomagala i lijekova te pokrivanja troškova liječenja. [&hellip;]</p>
