{"id":1670,"date":"2024-04-26T05:01:36","date_gmt":"2024-04-26T05:01:36","guid":{"rendered":"https:\/\/kolibrici.hr\/index.php\/pravo-na-doplatak-za-pomoc-2\/"},"modified":"2024-04-26T05:01:52","modified_gmt":"2024-04-26T05:01:52","slug":"pravo-na-doplatak-za-pomoc-2","status":"publish","type":"page","link":"https:\/\/kolibrici.hr\/index.php\/pravo-na-doplatak-za-pomoc-2\/","title":{"rendered":"Pravo na doplatak za pomo\u0107"},"content":{"rendered":"<div class=\"\" style=\"\" >\n  \n    <section class=\"u-clearfix u-section-1\" id=\"sec-505b\">\n      <div class=\"u-clearfix u-sheet u-sheet-1\">\n        <p class=\"u-text u-text-default u-text-1\">\n          <span style=\"font-weight: 700;\" class=\"u-text-palette-3-base\"> Kome se priznaje pravo?<\/span>\n          <br>\n          <br>Doplatak za pomo\u0107 i njegu priznaje se osobi koja ne mo\u017ee sama udovoljiti osnovnim \u017eivotnim potrebama uslijed \u010dega joj je potrebna pomo\u0107 i njega druge osobe u organiziranju prehrane, pripremi i uzimanju obroka, nabavi namirnici, \u010di\u0161\u0107enju i pospremanju stana, obla\u010denju i svla\u010denju, odr\u017eavanju osobne higijene kao i u obavljanju drugih osnovnih \u017eivotnih potreba.<br>\n          <br>Ovo pravo mo\u017ee ostvariti osoba koja \u017eivi sama a njezini mjese\u010dni prihodi ne prelaze iznos od 250% osnovice iz Zakona koja iznosi 500,00 kn, odnosno prihodi za samca ne smiju prelaziti 1.250,00 kn.&nbsp;&nbsp;<br>Nadalje, ukoliko osoba \u017eivi u zajedni\u010dkom ku\u0107anstvu, prosje\u010dni mjese\u010dni prihod \u010dlanova ku\u0107anstva ne smije prelaziti 200% osnovice, odnosno 1.000,00 kn.<br>\n          <br>Pravo na doplatak za pomo\u0107 i njegu mo\u017ee se priznati u punom ili smanjenom iznosu, ovisno o tome postoji li prijeka potreba pomo\u0107i i njege druge osobe u punom ili smanjenom opsegu.<br>\n          <br>\n          <span style=\"font-weight: 700;\" class=\"u-text-palette-3-base\">Visina doplatak za pomo\u0107 i njegu iznosi<\/span>\n          <br>\n          <br>\n          <span style=\"font-weight: 400;\">- u punom iznosu 100% osnovice (500,00 kn)<br>- u smanjenom iznosu od 70 % (350,00 kn)\n          <\/span>\n          <br>\n          <br>Pravo na doplatak za pomo\u0107 i njegu u punom iznosu, iako je prihod po \u010dlanu ku\u0107anstva, odnosno prihod samca, ve\u0107i od gore navedenog ima:<br>\n          <br>- osoba s te\u017eim invaliditetom<br>- osoba s te\u017eim trajnim promjenama u zdravstvenom stanju ili<br>- slijepa, gluha, gluhoslijepa osoba koja nije osposobljena za samostalan \u017eivot i rad<br>\n          <br>Pravo na doplatak za pomo\u0107 i njegu u smanjenom iznosu, iako je prihod po \u010dlanu ku\u0107anstva, odnosno prihod samca, ve\u0107i od gore navedenog prihoda ima:<br>\n          <br>osoba potpuno li\u0161ena poslovne sposobnosti<br>- slijepa, gluha i gluhoslijepa osoba koja je osposobljena za samostalan \u017eivot i rad.<br>- Ovo pravo <span style=\"font-weight: 700;\" class=\"u-text-palette-3-base\">NE MO\u017dE<\/span> ostvariti:<u>osoba koja ima priznato pravo na osobnu invalidninu!<\/u>\n          <br>- osoba koja ima osiguran stalni ili tjedni smje\u0161taj<br>- dijete \u010diji roditelj koristi rodiljni ili roditeljski dopust ili mirovanje radnog odnosa do tre\u0107e godine \u017eivota djeteta po posebnim propisima.<br>\n          <br>\n          <span style=\"font-weight: 700;\" class=\"u-text-palette-3-base\">Ostvarivanje prava<\/span>\n          <br>\n          <br>Potencijalni korisnik mora podnijeti zahtjev nadle\u017enom centru za socijalnu skrb. Pravo se ostvaruje temeljem rje\u0161enja nadle\u017enog centra za socijalnu skrb prema prebivali\u0161tu korisnika. Pravo se priznaje s danom podno\u0161enja zahtjeva ili pokretanja postupka po slu\u017ebenoj du\u017enosti.<br>\n          <br>Dodatne informacije<br>\n          <a class=\"outlink u-active-none u-border-none u-btn u-button-style u-hover-none u-none u-text-palette-1-base u-btn-1\" href=\"http:\/\/www.digured.hr\/cadial\/searchdoc.php?action=search&amp;lang=hr&amp;query=%22Zakon-plus-o-plus-socijalnoj-plus-skrbi-plus-%28NN-plus-157%2F2013%29%22&amp;searchTitle=on&amp;validacts=on&amp;resultdetails=basic&amp;filteracttype=all&amp;filterfields=all&amp;filtereuchapter=all&amp;resultlimitnum=10&amp;bid=mG0WAh80I8uXTov6OnG3tA%3d%3d&amp;annotate=on\" target=\"_blank\" rel=\"noopener noreferrer\"><\/a>\n        <\/p>\n        <a href=\"https:\/\/nicepage.cc\" class=\"u-active-none u-border-2 u-border-no-left u-border-no-right u-border-no-top u-border-palette-1-base u-bottom-left-radius-0 u-bottom-right-radius-0 u-btn u-btn-rectangle u-button-style u-hover-none u-none u-radius-0 u-text-palette-3-base u-top-left-radius-0 u-top-right-radius-0 u-btn-2\"> Zakon o socijalnoj skrbi<\/a>\n      <\/div>\n    <\/section>\n    \n    \n    \n    \n  \n<\/div>","protected":false},"excerpt":{"rendered":"<p>Kome se priznaje pravo? Doplatak za pomo\u0107 i njegu priznaje se osobi koja ne mo\u017ee sama udovoljiti osnovnim \u017eivotnim potrebama uslijed \u010dega joj je potrebna pomo\u0107 i njega druge osobe u organiziranju prehrane, pripremi i uzimanju obroka, nabavi namirnici, \u010di\u0161\u0107enju i pospremanju stana, obla\u010denju i svla\u010denju, odr\u017eavanju osobne higijene kao i u obavljanju drugih osnovnih [&hellip;]<\/p>\n","protected":false},"author":1,"featured_media":0,"parent":0,"menu_order":57,"comment_status":"closed","ping_status":"closed","template":"","meta":{"footnotes":""},"_links":{"self":[{"href":"https:\/\/kolibrici.hr\/index.php\/wp-json\/wp\/v2\/pages\/1670"}],"collection":[{"href":"https:\/\/kolibrici.hr\/index.php\/wp-json\/wp\/v2\/pages"}],"about":[{"href":"https:\/\/kolibrici.hr\/index.php\/wp-json\/wp\/v2\/types\/page"}],"author":[{"embeddable":true,"href":"https:\/\/kolibrici.hr\/index.php\/wp-json\/wp\/v2\/users\/1"}],"replies":[{"embeddable":true,"href":"https:\/\/kolibrici.hr\/index.php\/wp-json\/wp\/v2\/comments?post=1670"}],"version-history":[{"count":1,"href":"https:\/\/kolibrici.hr\/index.php\/wp-json\/wp\/v2\/pages\/1670\/revisions"}],"predecessor-version":[{"id":1807,"href":"https:\/\/kolibrici.hr\/index.php\/wp-json\/wp\/v2\/pages\/1670\/revisions\/1807"}],"wp:attachment":[{"href":"https:\/\/kolibrici.hr\/index.php\/wp-json\/wp\/v2\/media?parent=1670"}],"curies":[{"name":"wp","href":"https:\/\/api.w.org\/{rel}","templated":true}]}}

Pravo na doplatak za pomoć

<div class="" style="" >
  
    <section class="u-clearfix u-section-1" id="sec-505b">
      <div class="u-clearfix u-sheet u-sheet-1">
        <p class="u-text u-text-default u-text-1">
          <span style="font-weight: 700;" class="u-text-palette-3-base"> Kome se priznaje pravo?</span>
          <br>
          <br>Doplatak za pomoć i njegu priznaje se osobi koja ne može sama udovoljiti osnovnim životnim potrebama uslijed čega joj je potrebna pomoć i njega druge osobe u organiziranju prehrane, pripremi i uzimanju obroka, nabavi namirnici, čišćenju i pospremanju stana, oblačenju i svlačenju, održavanju osobne higijene kao i u obavljanju drugih osnovnih životnih potreba.<br>
          <br>Ovo pravo može ostvariti osoba koja živi sama a njezini mjesečni prihodi ne prelaze iznos od 250% osnovice iz Zakona koja iznosi 500,00 kn, odnosno prihodi za samca ne smiju prelaziti 1.250,00 kn.&nbsp;&nbsp;<br>Nadalje, ukoliko osoba živi u zajedničkom kućanstvu, prosječni mjesečni prihod članova kućanstva ne smije prelaziti 200% osnovice, odnosno 1.000,00 kn.<br>
          <br>Pravo na doplatak za pomoć i njegu može se priznati u punom ili smanjenom iznosu, ovisno o tome postoji li prijeka potreba pomoći i njege druge osobe u punom ili smanjenom opsegu.<br>
          <br>
          <span style="font-weight: 700;" class="u-text-palette-3-base">Visina doplatak za pomoć i njegu iznosi</span>
          <br>
          <br>
          <span style="font-weight: 400;">- u punom iznosu 100% osnovice (500,00 kn)<br>- u smanjenom iznosu od 70 % (350,00 kn)
          </span>
          <br>
          <br>Pravo na doplatak za pomoć i njegu u punom iznosu, iako je prihod po članu kućanstva, odnosno prihod samca, veći od gore navedenog ima:<br>
          <br>- osoba s težim invaliditetom<br>- osoba s težim trajnim promjenama u zdravstvenom stanju ili<br>- slijepa, gluha, gluhoslijepa osoba koja nije osposobljena za samostalan život i rad<br>
          <br>Pravo na doplatak za pomoć i njegu u smanjenom iznosu, iako je prihod po članu kućanstva, odnosno prihod samca, veći od gore navedenog prihoda ima:<br>
          <br>osoba potpuno lišena poslovne sposobnosti<br>- slijepa, gluha i gluhoslijepa osoba koja je osposobljena za samostalan život i rad.<br>- Ovo pravo <span style="font-weight: 700;" class="u-text-palette-3-base">NE MOŽE</span> ostvariti:<u>osoba koja ima priznato pravo na osobnu invalidninu!</u>
          <br>- osoba koja ima osiguran stalni ili tjedni smještaj<br>- dijete čiji roditelj koristi rodiljni ili roditeljski dopust ili mirovanje radnog odnosa do treće godine života djeteta po posebnim propisima.<br>
          <br>
          <span style="font-weight: 700;" class="u-text-palette-3-base">Ostvarivanje prava</span>
          <br>
          <br>Potencijalni korisnik mora podnijeti zahtjev nadležnom centru za socijalnu skrb. Pravo se ostvaruje temeljem rješenja nadležnog centra za socijalnu skrb prema prebivalištu korisnika. Pravo se priznaje s danom podnošenja zahtjeva ili pokretanja postupka po službenoj dužnosti.<br>
          <br>Dodatne informacije<br>
          <a class="outlink u-active-none u-border-none u-btn u-button-style u-hover-none u-none u-text-palette-1-base u-btn-1" href="http://www.digured.hr/cadial/searchdoc.php?action=search&amp;lang=hr&amp;query=%22Zakon-plus-o-plus-socijalnoj-plus-skrbi-plus-%28NN-plus-157%2F2013%29%22&amp;searchTitle=on&amp;validacts=on&amp;resultdetails=basic&amp;filteracttype=all&amp;filterfields=all&amp;filtereuchapter=all&amp;resultlimitnum=10&amp;bid=mG0WAh80I8uXTov6OnG3tA%3d%3d&amp;annotate=on" target="_blank" rel="noopener noreferrer"></a>
        </p>
        <a href="https://nicepage.cc" class="u-active-none u-border-2 u-border-no-left u-border-no-right u-border-no-top u-border-palette-1-base u-bottom-left-radius-0 u-bottom-right-radius-0 u-btn u-btn-rectangle u-button-style u-hover-none u-none u-radius-0 u-text-palette-3-base u-top-left-radius-0 u-top-right-radius-0 u-btn-2"> Zakon o socijalnoj skrbi</a>
      </div>
    </section>
    
    
    
    
  
</div>

<p>Kome se priznaje pravo? Doplatak za pomoć i njegu priznaje se osobi koja ne može sama udovoljiti osnovnim životnim potrebama uslijed čega joj je potrebna pomoć i njega druge osobe u organiziranju prehrane, pripremi i uzimanju obroka, nabavi namirnici, čišćenju i pospremanju stana, oblačenju i svlačenju, održavanju osobne higijene kao i u obavljanju drugih osnovnih [&hellip;]</p>
