{"id":354,"date":"2023-12-07T09:03:38","date_gmt":"2023-12-07T09:03:38","guid":{"rendered":"https:\/\/kolibrici.hr\/index.php\/kako-ostvariti-prava-iz\/"},"modified":"2023-12-07T09:04:29","modified_gmt":"2023-12-07T09:04:29","slug":"kako-ostvariti-prava-iz","status":"publish","type":"page","link":"https:\/\/kolibrici.hr\/index.php\/kako-ostvariti-prava-iz\/","title":{"rendered":"Kako ostvariti prava iz"},"content":{"rendered":"<div class=\"\" style=\"\" >\n  \n    <section class=\"u-clearfix u-section-1\" id=\"sec-0004\">\n      <div class=\"u-clearfix u-sheet u-sheet-1\">\n        <p class=\"u-text u-text-default u-text-1\"> Za ostvarivanje bilo kojeg prava iz socijalne skrbi potrebno je podnijeti zahtjev nadle\u017enom Centru za socijalnu skrb (prema mjestu stanovanja)<br>\n          <br>Zahtjev mo\u017ee podnijeti:<br>\n        <\/p>\n        <ul class=\"u-text u-text-default u-text-2\">\n          <li>osobno stranka<\/li>\n          <li>roditelj za maloljetno dijete<\/li>\n          <li>roditelj za punoljetno dijete nad kojim je produ\u017eena roditeljska skrb<\/li>\n          <li>skrbnik<\/li>\n          <li>\u0161kola, ustanova, lije\u010dnik i sl.<br>\n          <\/li>\n        <\/ul>\n        <p class=\"u-text u-text-default u-text-palette-3-base u-text-3\"> Postupak se mo\u017ee&nbsp;pokrenuti i po slu\u017ebenoj du\u017enosti.<br>\n          <br>Zahtjevu treba prilo\u017eiti:\n        <\/p>\n        <ul class=\"u-text u-text-default u-text-4\">\n          <li>rodni list<\/li>\n          <li>presliku domovnice<\/li>\n          <li>uvjerenje o prebivali\u0161tu<\/li>\n          <li>medicinsku dokumentaciju s tim da barem jedan specijalisti\u010dki nalaz ne smije biti stariji od 6 mjeseci ( za doplatak i osobnu invalidninu)<\/li>\n          <li>drugu propisanu dokumentaciju ovisno o pravu koje se \u017eeli ostvariti<br>\n          <\/li>\n        <\/ul>\n        <p class=\"u-text u-text-default u-text-5\"> Informacije o mogu\u0107nosti ostvarenja nekog od prava mo\u017ee se dobiti telefonom u Centru za socijalnu skrb, a u izravnom kontaktu sa socijalnim radnikom stranci se daje popis dokumenata u pisanom obliku koji joj slu\u017ei kao podsjetnik.<\/p>\n        <blockquote class=\"u-text u-text-default u-text-palette-3-base u-text-6\"><u>Na\u017ealost, iz iskustva znamo da roditelji te\u0161ko dolaze do adekvatne i pravovremene informacije o pravima i na\u010dinu njihova osvarivanja te se nadamo da \u0107e im ovaj vodi\u010d biti od pomo\u0107i.<\/u>\n        <\/blockquote>\n        <p class=\"u-text u-text-default u-text-7\"> Ako stranka, zbog svog zdravstvenog stanja, nije u mogu\u0107nosti prikupiti potrebnu dokumentaciju, Centar za socijalnu skrb je pribavlja slu\u017ebenim putem.<br>\n          <br>\n          <span style=\"font-weight: 700;\" class=\"u-text-palette-3-base\">VA\u017dNO<\/span>\n          <br>\n          <br>Nov\u010dana prava&nbsp;(doplatak za pomo\u0107 i njegu, osobna invalidnina, stalna pomo\u0107)&nbsp;priznaju se&nbsp;od&nbsp;dana podno\u0161enja zahtjeva,&nbsp;a pravo na skrb izvan vlastite obitelji ( npr. Smje\u0161taj u ustanovu ili u udomiteljsku obitelj) od dana realizacije smje\u0161taja. Stranka koja je nezadovoljna rje\u0161enjem Centra za socijalnu skrb, mo\u017ee predate \u017ealbu Ministarstvu socijalne politike i mladih. \u017dalba na rje\u0161enje Centra za socijalnu skrb ne odga\u0111a izvr\u0161enje rje\u0161enja.\n        <\/p>\n      <\/div>\n    <\/section>\n    \n    \n    \n    \n  \n<\/div>","protected":false},"excerpt":{"rendered":"<p>Za ostvarivanje bilo kojeg prava iz socijalne skrbi potrebno je podnijeti zahtjev nadle\u017enom Centru za socijalnu skrb (prema mjestu stanovanja) Zahtjev mo\u017ee podnijeti: osobno stranka roditelj za maloljetno dijete roditelj za punoljetno dijete nad kojim je produ\u017eena roditeljska skrb skrbnik \u0161kola, ustanova, lije\u010dnik i sl. Postupak se mo\u017ee&nbsp;pokrenuti i po slu\u017ebenoj du\u017enosti. Zahtjevu treba prilo\u017eiti: [&hellip;]<\/p>\n","protected":false},"author":1,"featured_media":0,"parent":0,"menu_order":16,"comment_status":"closed","ping_status":"closed","template":"","meta":{"footnotes":""},"_links":{"self":[{"href":"https:\/\/kolibrici.hr\/index.php\/wp-json\/wp\/v2\/pages\/354"}],"collection":[{"href":"https:\/\/kolibrici.hr\/index.php\/wp-json\/wp\/v2\/pages"}],"about":[{"href":"https:\/\/kolibrici.hr\/index.php\/wp-json\/wp\/v2\/types\/page"}],"author":[{"embeddable":true,"href":"https:\/\/kolibrici.hr\/index.php\/wp-json\/wp\/v2\/users\/1"}],"replies":[{"embeddable":true,"href":"https:\/\/kolibrici.hr\/index.php\/wp-json\/wp\/v2\/comments?post=354"}],"version-history":[{"count":1,"href":"https:\/\/kolibrici.hr\/index.php\/wp-json\/wp\/v2\/pages\/354\/revisions"}],"predecessor-version":[{"id":491,"href":"https:\/\/kolibrici.hr\/index.php\/wp-json\/wp\/v2\/pages\/354\/revisions\/491"}],"wp:attachment":[{"href":"https:\/\/kolibrici.hr\/index.php\/wp-json\/wp\/v2\/media?parent=354"}],"curies":[{"name":"wp","href":"https:\/\/api.w.org\/{rel}","templated":true}]}}