{"id":384,"date":"2023-12-07T09:04:08","date_gmt":"2023-12-07T09:04:08","guid":{"rendered":"https:\/\/kolibrici.hr\/index.php\/pomoc-za-podmirenje-troskova-s\/"},"modified":"2023-12-07T09:04:34","modified_gmt":"2023-12-07T09:04:34","slug":"pomoc-za-podmirenje-troskova-s","status":"publish","type":"page","link":"https:\/\/kolibrici.hr\/index.php\/pomoc-za-podmirenje-troskova-s\/","title":{"rendered":"Pomo\u0107 za podmirenje tro\u0161kova s"},"content":{"rendered":"<div class=\"\" style=\"\" >\n  \n    <section class=\"u-align-left u-clearfix u-section-1\" id=\"sec-6799\">\n      <div class=\"u-clearfix u-sheet u-valign-middle u-sheet-1\">\n        <div class=\"fr-view u-clearfix u-rich-text u-text u-text-1\">\n          <h1 style=\"text-align: left;\">Pomo\u0107 za podmirenje stanovanja<\/h1>\n          <p id=\"isPasted\">\n            <span class=\"u-text-palette-3-base\" style=\"font-weight: 700;\">\u0160to se smatra tro\u0161kovima stanovanja?<\/span>\n          <\/p>\n          <p>Tro\u0161kovi stanovanja odnose se na najamninu, komunalne naknade, elektri\u010dnu energiju, plin, grijanje, vodu, odvodnju i druge tro\u0161kove stanovanja u skladu s posebnim propisima.<\/p>\n          <p>\n            <span class=\"u-text-palette-3-base\" style=\"font-weight: 700;\">Kome se priznaje pravo na naknadu za tro\u0161kove stanovanja?<\/span>\n          <\/p>\n          <p>Pravo na naknadu za tro\u0161kove stanovanja priznaje se korisniku zajam\u010dene minimalne naknade.<\/p>\n          <p>\n            <span class=\"u-text-palette-3-base\" style=\"font-weight: 700;\">Gdje se mo\u017ee ostvariti pravo na naknadu za tro\u0161kove stanovanja i u kojem iznosu?<\/span>\n          <\/p>\n          <p>Pravo na naknadu za tro\u0161kove stanovanja priznaje jedinica lokalne samouprave, odnosno Grad Zagreb, do iznosa polovice iznosa zajam\u010dene minimalne naknade priznate samcu ili ku\u0107anstvu. Pravo na naknadu za tro\u0161kove stanovanja jedinica lokalne samouprave, odnosno Grad Zagreb mo\u017ee odobriti i do iznosa zajam\u010dene minimalne naknade kada se po mi\u0161ljenju centra za socijalnu skrb samo na taj na\u010din mo\u017ee izbje\u0107i odvajanje djece od roditelja.<\/p>\n          <p>\n            <span class=\"u-text-palette-3-base\" style=\"font-weight: 700;\">Na koji na\u010din se ispla\u0107uje naknada za tro\u0161kove stanovanja?<\/span>\n          <\/p>\n          <p>Naknada za tro\u0161kove stanovanja mo\u017ee se odobriti u novcu izravno korisniku ili na na\u010din da jedinica lokalne samouprave, odnosno Grad Zagreb djelomi\u010dno ili u cijelosti plati ra\u010dun izravno ovla\u0161tenoj pravnoj ili fizi\u010dkoj osobi koja je izvr\u0161ila uslugu.<\/p>\n          <p>\n            <span class=\"u-text-palette-3-base\" style=\"font-weight: 700;\">Pomo\u0107 u ogrjevu<\/span>\n          <\/p>\n          <p>Samcu ili obitelji koji se grije na drva mo\u017ee se jednom godi\u0161nje osigurati 3 m3 drva ili se mo\u017ee odobriti nov\u010dani iznos za podmirenje tro\u0161kova grijanja u visinu koju svojom odlukom odredi nadle\u017ena jedinica podru\u010dne samouprave.<\/p>\n        <\/div>\n      <\/div>\n    <\/section>\n    \n    \n    \n    \n  \n<\/div>","protected":false},"excerpt":{"rendered":"<p>Pomo\u0107 za podmirenje stanovanja \u0160to se smatra tro\u0161kovima stanovanja? Tro\u0161kovi stanovanja odnose se na najamninu, komunalne naknade, elektri\u010dnu energiju, plin, grijanje, vodu, odvodnju i druge tro\u0161kove stanovanja u skladu s posebnim propisima. Kome se priznaje pravo na naknadu za tro\u0161kove stanovanja? Pravo na naknadu za tro\u0161kove stanovanja priznaje se korisniku zajam\u010dene minimalne naknade. Gdje se [&hellip;]<\/p>\n","protected":false},"author":1,"featured_media":0,"parent":0,"menu_order":46,"comment_status":"closed","ping_status":"closed","template":"","meta":{"footnotes":""},"_links":{"self":[{"href":"https:\/\/kolibrici.hr\/index.php\/wp-json\/wp\/v2\/pages\/384"}],"collection":[{"href":"https:\/\/kolibrici.hr\/index.php\/wp-json\/wp\/v2\/pages"}],"about":[{"href":"https:\/\/kolibrici.hr\/index.php\/wp-json\/wp\/v2\/types\/page"}],"author":[{"embeddable":true,"href":"https:\/\/kolibrici.hr\/index.php\/wp-json\/wp\/v2\/users\/1"}],"replies":[{"embeddable":true,"href":"https:\/\/kolibrici.hr\/index.php\/wp-json\/wp\/v2\/comments?post=384"}],"version-history":[{"count":1,"href":"https:\/\/kolibrici.hr\/index.php\/wp-json\/wp\/v2\/pages\/384\/revisions"}],"predecessor-version":[{"id":521,"href":"https:\/\/kolibrici.hr\/index.php\/wp-json\/wp\/v2\/pages\/384\/revisions\/521"}],"wp:attachment":[{"href":"https:\/\/kolibrici.hr\/index.php\/wp-json\/wp\/v2\/media?parent=384"}],"curies":[{"name":"wp","href":"https:\/\/api.w.org\/{rel}","templated":true}]}}