{"id":397,"date":"2023-12-07T09:04:21","date_gmt":"2023-12-07T09:04:21","guid":{"rendered":"https:\/\/kolibrici.hr\/index.php\/posebne-clanske-pogodnosti\/"},"modified":"2023-12-07T09:04:37","modified_gmt":"2023-12-07T09:04:37","slug":"posebne-clanske-pogodnosti","status":"publish","type":"page","link":"https:\/\/kolibrici.hr\/index.php\/posebne-clanske-pogodnosti\/","title":{"rendered":"Posebne \u010dlanske pogodnosti"},"content":{"rendered":"<div class=\"\" style=\"\" >\n  \n    <section class=\"u-align-left u-clearfix u-section-1\" id=\"sec-6328\">\n      <div class=\"u-clearfix u-sheet u-valign-middle u-sheet-1\">\n        <div class=\"fr-view u-clearfix u-rich-text u-text u-text-1\">\n          <h1 style=\"text-align: left;\">\n            <span class=\"u-text-palette-3-base\">Posebne \u010dlanske pogodnosti u HAK-u<\/span>\n          <\/h1>\n          <p>\n            <br>\n          <\/p>\n          <p id=\"isPasted\">\u010clanovi udruga invalida \u2013 osobe s tjelesnim o\u0161te\u0107enjem ve\u0107im od 40% koje same upravljaju osobnim automobilom u osobnom vlasni\u0161tvu, vlasnici osobnog automobila koji zbog svojeg tjelesnog o\u0161te\u0107enja ne mogu upravljati vozilom, te roditelji ili skrbnici osoba s tjelesnim o\u0161te\u0107enjem koji osobni automobil koriste za njihove potrebe, imaju pravo na:<\/p>\n          <ul style=\"box-sizing: border-box; margin: 0px 0px 20px 7px; padding: 0px; border: 0px rgb(0, 0, 0); font-style: normal; font-variant-ligatures: normal; font-variant-caps: normal; font-variant-numeric: inherit; font-variant-east-asian: inherit; font-variant-alternates: inherit; font-weight: 400; font-stretch: inherit; font-size: 15px; line-height: inherit; font-family: &quot;open sans&quot;, Helvetica, Arial, sans-serif; font-optical-sizing: inherit; font-kerning: inherit; font-feature-settings: inherit; font-variation-settings: inherit; vertical-align: baseline; list-style: outside disc; color: rgb(0, 0, 0); letter-spacing: normal; orphans: 2; text-align: start; text-indent: 0px; text-transform: none; widows: 2; word-spacing: 0px; -webkit-text-stroke-width: 0px; white-space: normal; background-color: rgb(248, 248, 248); text-decoration-thickness: initial; text-decoration-style: initial; text-decoration-color: initial;\">\n            <li style=\"box-sizing: border-box; margin: 0px 0px 0px 1em; padding: 3px 0px; border: 0px rgb(0, 0, 0); font: inherit; vertical-align: baseline; text-indent: 0px;\">\u010dlanske pogodnosti u HAK-u<\/li>\n            <li style=\"box-sizing: border-box; margin: 0px 0px 0px 1em; padding: 3px 0px; border: 0px rgb(0, 0, 0); font: inherit; vertical-align: baseline; text-indent: 0px;\">godi\u0161nju \u010dlanarinu u iznosu od 40 kn<\/li>\n            <li style=\"box-sizing: border-box; margin: 0px 0px 0px 1em; padding: 3px 0px; border: 0px rgb(0, 0, 0); font: inherit; vertical-align: baseline; text-indent: 0px;\">nadoknadu za knji\u017eicu \u201cAuto turing pomo\u0107 u RH\u201d u iznosu od 60 kn<\/li>\n          <\/ul>\n        <\/div>\n      <\/div>\n    <\/section>\n    \n    \n    \n    \n  \n<\/div>","protected":false},"excerpt":{"rendered":"<p>Posebne \u010dlanske pogodnosti u HAK-u \u010clanovi udruga invalida \u2013 osobe s tjelesnim o\u0161te\u0107enjem ve\u0107im od 40% koje same upravljaju osobnim automobilom u osobnom vlasni\u0161tvu, vlasnici osobnog automobila koji zbog svojeg tjelesnog o\u0161te\u0107enja ne mogu upravljati vozilom, te roditelji ili skrbnici osoba s tjelesnim o\u0161te\u0107enjem koji osobni automobil koriste za njihove potrebe, imaju pravo na: \u010dlanske [&hellip;]<\/p>\n","protected":false},"author":1,"featured_media":0,"parent":0,"menu_order":59,"comment_status":"closed","ping_status":"closed","template":"","meta":{"footnotes":""},"_links":{"self":[{"href":"https:\/\/kolibrici.hr\/index.php\/wp-json\/wp\/v2\/pages\/397"}],"collection":[{"href":"https:\/\/kolibrici.hr\/index.php\/wp-json\/wp\/v2\/pages"}],"about":[{"href":"https:\/\/kolibrici.hr\/index.php\/wp-json\/wp\/v2\/types\/page"}],"author":[{"embeddable":true,"href":"https:\/\/kolibrici.hr\/index.php\/wp-json\/wp\/v2\/users\/1"}],"replies":[{"embeddable":true,"href":"https:\/\/kolibrici.hr\/index.php\/wp-json\/wp\/v2\/comments?post=397"}],"version-history":[{"count":1,"href":"https:\/\/kolibrici.hr\/index.php\/wp-json\/wp\/v2\/pages\/397\/revisions"}],"predecessor-version":[{"id":534,"href":"https:\/\/kolibrici.hr\/index.php\/wp-json\/wp\/v2\/pages\/397\/revisions\/534"}],"wp:attachment":[{"href":"https:\/\/kolibrici.hr\/index.php\/wp-json\/wp\/v2\/media?parent=397"}],"curies":[{"name":"wp","href":"https:\/\/api.w.org\/{rel}","templated":true}]}}

Posebne članske pogodnosti

<div class="" style="" >
  
    <section class="u-align-left u-clearfix u-section-1" id="sec-6328">
      <div class="u-clearfix u-sheet u-valign-middle u-sheet-1">
        <div class="fr-view u-clearfix u-rich-text u-text u-text-1">
          <h1 style="text-align: left;">
            <span class="u-text-palette-3-base">Posebne članske pogodnosti u HAK-u</span>
          </h1>
          <p>
            <br>
          </p>
          <p id="isPasted">Članovi udruga invalida – osobe s tjelesnim oštećenjem većim od 40% koje same upravljaju osobnim automobilom u osobnom vlasništvu, vlasnici osobnog automobila koji zbog svojeg tjelesnog oštećenja ne mogu upravljati vozilom, te roditelji ili skrbnici osoba s tjelesnim oštećenjem koji osobni automobil koriste za njihove potrebe, imaju pravo na:</p>
          <ul style="box-sizing: border-box; margin: 0px 0px 20px 7px; padding: 0px; border: 0px rgb(0, 0, 0); font-style: normal; font-variant-ligatures: normal; font-variant-caps: normal; font-variant-numeric: inherit; font-variant-east-asian: inherit; font-variant-alternates: inherit; font-weight: 400; font-stretch: inherit; font-size: 15px; line-height: inherit; font-family: &quot;open sans&quot;, Helvetica, Arial, sans-serif; font-optical-sizing: inherit; font-kerning: inherit; font-feature-settings: inherit; font-variation-settings: inherit; vertical-align: baseline; list-style: outside disc; color: rgb(0, 0, 0); letter-spacing: normal; orphans: 2; text-align: start; text-indent: 0px; text-transform: none; widows: 2; word-spacing: 0px; -webkit-text-stroke-width: 0px; white-space: normal; background-color: rgb(248, 248, 248); text-decoration-thickness: initial; text-decoration-style: initial; text-decoration-color: initial;">
            <li style="box-sizing: border-box; margin: 0px 0px 0px 1em; padding: 3px 0px; border: 0px rgb(0, 0, 0); font: inherit; vertical-align: baseline; text-indent: 0px;">članske pogodnosti u HAK-u</li>
            <li style="box-sizing: border-box; margin: 0px 0px 0px 1em; padding: 3px 0px; border: 0px rgb(0, 0, 0); font: inherit; vertical-align: baseline; text-indent: 0px;">godišnju članarinu u iznosu od 40 kn</li>
            <li style="box-sizing: border-box; margin: 0px 0px 0px 1em; padding: 3px 0px; border: 0px rgb(0, 0, 0); font: inherit; vertical-align: baseline; text-indent: 0px;">nadoknadu za knjižicu “Auto turing pomoć u RH” u iznosu od 60 kn</li>
          </ul>
        </div>
      </div>
    </section>
    
    
    
    
  
</div>

<p>Posebne članske pogodnosti u HAK-u Članovi udruga invalida – osobe s tjelesnim oštećenjem većim od 40% koje same upravljaju osobnim automobilom u osobnom vlasništvu, vlasnici osobnog automobila koji zbog svojeg tjelesnog oštećenja ne mogu upravljati vozilom, te roditelji ili skrbnici osoba s tjelesnim oštećenjem koji osobni automobil koriste za njihove potrebe, imaju pravo na: članske [&hellip;]</p>
